 114?
38
Calculate the highest common divisor of 33300 and 18.
18
What is the highest common divisor of 138 and 15387?
69
Calculate the highest common factor of 506 and 184.
46
What is the greatest common factor of 39 and 195?
39
What is the greatest common divisor of 72 and 792?
72
Calculate the greatest common factor of 768 and 516.
12
What is the highest common divisor of 3 and 540?
3
Calculate the greatest common divisor of 48 and 12336.
48
Calculate the highest common divisor of 704 and 11.
11
Calculate the highest common factor of 236 and 1121.
59
What is the highest common divisor of 492 and 864?
12
Calculate the greatest common factor of 1864 and 16.
8
What is the greatest common divisor of 88 and 682?
22
Calculate the highest common factor of 69 and 19113.
69
What is the highest common factor of 10 and 2240?
10
What is the highest common factor of 48 and 888?
24
Calculate the highest common factor of 48 and 648.
24
What is the greatest common divisor of 18 and 27?
9
Calculate the highest common factor of 36 and 144.
36
What is the greatest common factor of 28 and 1281?
7
Calculate the highest common factor of 3 and 369.
3
Calculate the greatest common divisor of 417 and 21684.
417
Calculate the greatest common divisor of 63 and 861.
21
What is the highest common divisor of 9 and 1773?
9
What is the highest common factor of 57 and 5054?
19
What is the highest common divisor of 66 and 11022?
66
Calculate the highest common factor of 51 and 129.
3
Calculate the highest common divisor of 40 and 2680.
40
Calculate the highest common factor of 8 and 898.
2
Calculate the highest common factor of 682 and 11.
11
Calculate the greatest common factor of 18 and 15.
3
What is the greatest common divisor of 56 and 400?
8
What is the greatest common factor of 224 and 77?
7
What is the highest common factor of 9291 and 57?
57
Calculate the greatest common factor of 864 and 90.
18
What is the greatest common factor of 2784 and 8?
8
Calculate the highest common factor of 10 and 890.
10
Calculate the highest common factor of 1122 and 102.
102
Calculate the highest common divisor of 120 and 3060.
60
Calculate the greatest common factor of 3200 and 150.
50
Calculate the highest common factor of 140 and 56.
28
Calculate the greatest common factor of 84 and 196.
28
Calculate the highest common factor of 345 and 2865.
15
What is the greatest common divisor of 15 and 1035?
15
What is the highest common factor of 48 and 2352?
48
What is the highest common divisor of 54 and 342?
18
What is the highest common divisor of 37 and 5?
1
Calculate the greatest common divisor of 11977 and 203.
203
What is the highest common factor of 121 and 74899?
121
Calculate the highest common factor of 28 and 434.
14
What is the highest common factor of 30 and 810?
30
What is the greatest common divisor of 372 and 496?
124
Calculate the greatest common factor of 140 and 532.
28
Calculate the greatest common divisor of 23 and 1242.
23
Calculate the highest common factor of 110 and 1705.
55
What is the highest common factor of 168 and 348?
12
Calculate the highest common factor of 31 and 589.
31
Calculate the greatest common divisor of 800 and 50.
50
What is the greatest common divisor of 168 and 322?
14
Calculate the highest common factor of 184 and 8.
8
What is the highest common factor of 1782 and 36?
18
Calculate the highest common factor of 48 and 1544.
8
Calculate the greatest common factor of 1 and 4218.
1
What is the highest common factor of 2010 and 55?
5
Calculate the greatest common factor of 672 and 252.
84
Calculate the highest common factor of 198 and 22.
22
What is the greatest common divisor of 80 and 135?
5
Calculate the greatest common divisor of 13433 and 665.
133
Calculate the highest common factor of 468 and 612.
36
Calculate the highest common divisor of 5 and 80.
5
What is the greatest common factor of 1130 and 20?
10
What is the highest common factor of 36 and 1134?
18
Calculate the greatest common divisor of 121 and 11.
11
What is the greatest common factor of 125 and 100?
25
Calculate the greatest common divisor of 16480 and 618.
206
Calculate the highest common divisor of 8188 and 460.
92
Calculate the highest common factor of 248 and 8.
8
Calculate the highest common divisor of 117 and 72.
9
Calculate the highest common divisor of 6 and 30.
6
What is the highest common factor of 930 and 2170?
310
What is the greatest common divisor of 108 and 1998?
54
Calculate the greatest common factor of 551 and 209.
19
Calculate the highest common factor of 468 and 72.
36
What is the greatest common factor of 472 and 16?
8
Calculate the greatest common factor of 123 and 33.
3
Calculate the greatest common factor of 23875 and 500.
125
Calculate the greatest common divisor of 36 and 3408.
12
Calculate the greatest common divisor of 9 and 111.
3
Calculate the highest common divisor of 280 and 196.
28
Calculate the highest common divisor of 695 and 115.
5
Calculate the greatest common factor of 1701 and 1215.
243
Calculate the highest common divisor of 15 and 735.
15
Calculate the highest common factor of 174 and 6.
6
Calculate the highest common factor of 216 and 744.
24
Calculate the highest common divisor of 1551 and 3.
3
What is the greatest common divisor of 6645 and 165?
15
What is the highest common divisor of 32 and 32?
32
Calculate the highest common factor of 30 and 72.
6
What is the highest common factor of 135 and 27?
27
What is the highest common factor of 7672 and 56?
56
Calculate the greatest common divisor of 1131 and 78.
39
What is the greatest common divisor of 66 and 88?
22
What is the highest common divisor of 33 and 6303?
33
Calculate the greatest common divisor of 592 and 962.
74
What is the highest common factor of 21 and 14217?
21
What is the highest common factor of 165 and 220?
55
Calculate the greatest common factor of 104 and 6266.
26
Calculate the highest common divisor of 2 and 3.
1
Calculate the greatest common divisor of 957 and 174.
87
Calculate the highest common factor of 423 and 18.
9
Calculate the greatest common divisor of 70 and 910.
70
What is the highest common factor of 3 and 219?
3
What is the highest common factor of 168 and 231?
21
Calculate the greatest common factor of 460 and 40.
20
What is the highest common factor of 1243 and 226?
113
Calculate the highest common factor of 4248 and 24.
24
What is the greatest common divisor of 7 and 6209?
7
Calculate the highest common factor of 459 and 6.
3
What is the greatest common factor of 5352 and 48?
24
What is the greatest common divisor of 19729 and 218?
109
What is the highest common divisor of 304 and 144?
16
What is the highest common divisor of 66 and 534?
6
Calculate the greatest common factor of 117 and 1833.
39
What is the highest common divisor of 248 and 837?
31
Calculate the highest common factor of 20 and 70.
10
What is the highest common divisor of 66 and 352?
22
Calculate the highest common factor of 1384 and 4498.
346
Calculate the highest common factor of 106 and 530.
106
Calculate the highest common factor of 1356 and 44296.
452
What is the greatest common divisor of 319 and 87?
29
Calculate the greatest common factor of 27 and 5697.
27
Calculate the highest common factor of 128 and 2.
2
What is the highest common factor of 7276 and 68?
68
What is the greatest common divisor of 24 and 18?
6
What is the greatest common divisor of 58 and 6119?
29
Calculate the greatest common divisor of 45 and 420.
15
Calculate the highest common factor of 57 and 836.
19
Calculate the highest common factor of 1092 and 84.
84
Calculate the highest common divisor of 69 and 8648.
23
What is the highest common factor of 308 and 140?
28
Calculate the highest common factor of 3 and 57.
3
What is the highest common divisor of 11250 and 90?
90
What is the greatest common divisor of 13431 and 555?
111
Calculate the greatest common divisor of 64 and 1264.
16
Calculate the highest common factor of 175 and 75.
25
Calculate the highest common factor of 99 and 451.
11
Calculate the highest common divisor of 1720 and 40.
40
What is the greatest common factor of 96 and 212?
4
Calculate the highest common divisor of 112 and 7.
7
Calculate the greatest common factor of 242 and 11.
11
What is the